{"id":87,"date":"2018-01-22T09:18:16","date_gmt":"2018-01-22T09:18:16","guid":{"rendered":"http:\/\/dierotenhelfer.de\/?page_id=87"},"modified":"2020-02-18T16:43:25","modified_gmt":"2020-02-18T16:43:25","slug":"tagespflege","status":"publish","type":"page","link":"http:\/\/dierotenhelfer.de\/?page_id=87","title":{"rendered":"Tagespflege &#8211; Home"},"content":{"rendered":"<p><strong>Die Roten Helfer \u2026 <img decoding=\"async\" loading=\"lazy\" class=\"wp-image-626 alignright\" src=\"http:\/\/dierotenhelfer.de\/wp-content\/uploads\/2020\/02\/TS-2019-Umzug-1.jpg\" alt=\"\" width=\"266\" height=\"148\" srcset=\"http:\/\/dierotenhelfer.de\/wp-content\/uploads\/2020\/02\/TS-2019-Umzug-1.jpg 349w, http:\/\/dierotenhelfer.de\/wp-content\/uploads\/2020\/02\/TS-2019-Umzug-1-300x168.jpg 300w\" sizes=\"(max-width: 266px) 100vw, 266px\" \/><br \/>\n<\/strong>\u2026.ein Ort wo ich mich Wohlf\u00fchle, ein Ort wo ich gemeinsam mit anderen Zeit verbringe. Als Besucher der wunderbar gef\u00fchrten Tagespflege erwartet mich jeden Tag vieles was mir gut tut.<\/p>\n<p>Die Angeh\u00f6rigen sch\u00e4tzen die Auszeit, wo liegengebliebenes oder Erledigungen gemacht werden k\u00f6nnen, ohne sich zu sorgen. Sie wissen, dass hier in der Tagespflege ihre z.B. Eltern oder andere Hilfebed\u00fcrftige einfach toll versorgt werden.<\/p>\n<p>Sie werden entlastet, k\u00f6nnen Ihrer Arbeit nachgehen und wissen dabei, dass der geliebte Mensch gut versorgt ist.<\/p>\n<p>Die freundlichen Mitarbeiter freuen sich Sie begr\u00fc\u00dfen zu d\u00fcrfen. Hier bietet sich ein sogenannter Schnupper &#8211; Tag sehr gut an. Da k\u00f6nnen die ersten Eindr\u00fccke gesammelt werden, oder das frisch gekochte Essen genossen werden. Oder Sie k\u00f6nnen sich einfach nur am Betreuungsprogramm erfreuen und m\u00fcssen den Tag nicht alleine zu Hause verbringen.<\/p>\n<p>Sie k\u00f6nnen selber entscheiden, ob Sie selber kommen wollen oder gebracht werden oder unseren Fahrdienst in Anspruch nehmen m\u00f6chten.<\/p>\n<p>Wir, Die Roten Helfer achten sehr darauf, dass unsere Betreuungskr\u00e4fte f\u00fcr ein vielf\u00e4ltiges Programm sorgen, welches sich \u00fcber die ganze Woche aufteilt.<\/p>\n<p>Auch unsere Ausfl\u00fcge sind sehr beliebt und st\u00e4rken die Gemeinschaft. Ob es dann mal in den \u201eTiefen Stollen\u201c geht oder ein Museum oder eine Schlossbesichtigung ansteht. Ausfl\u00fcge werden an unsere Besucher angepasst, so dass niemand \u00fcberfordert wird.<\/p>\n<p>Einige Besucher der Tagespflege werden zus\u00e4tzlich auch vom Ambulanten Pflegedienst \u201eDie Roten Helfer\u201c versorgt und genie\u00dfen eine liebevolle Pflege, eine medizinische Versorgung oder bekommen im hauswirtschaftlichen Bereich Unterst\u00fctzung.<\/p>\n<p>Wir kochen jeden Tag frisch zu Mittag, ein leckeres Fr\u00fchst\u00fcck und nachmittags Kaffee k\u00f6nnen genossen werden. Aber auch f\u00fcr den R\u00fcckzug ist gesorgt, wenn man Ruhe braucht oder sich mittags etwas ausruhen m\u00f6chte, in einem elektrischen Massagesessel oder Bett, alles steht Ihnen zur Verf\u00fcgung. Nat\u00fcrlich werden unsere Besucher den ganzen Tag von unseren Betreuungskr\u00e4ften, wie auch unserem medizinisch geschulten Personal versorgt.<\/p>\n<p>In der Tagespflege bekommen pflegebed\u00fcrftige Menschen (Demenzkranke und k\u00f6rperlich eingeschr\u00e4nkte Personen) einen Ort zum Wohlf\u00fchlen.<\/p>\n<p>Wir bieten ein individuelles, attraktives Programm, gemeinsame Mahlzeiten, generations\u00fcbergreifende Angebote durch Zusammenarbeit mit Kinderg\u00e4rten, Schulen, Arbeit mit Tieren, Alltagstraining, Veranstaltungen, Ausfl\u00fcge, Feste und viel Abwechslung f\u00fcr Senioren.<\/p>\n<p>Wir bieten auch offene Nachmittage zum Unterhalten bei Kaffee und Kuchen, tanzen, lachen und Beisammensein f\u00fcr G\u00e4ste an.<\/p>\n<p>Gerne d\u00fcrfen Sie sich auch zu unserem t\u00e4glich wechselnden Mittagstisch anmelden. Anmeldungen m\u00fcssen einen Tag vorher erfolgen!<\/p>\n<p><strong>Kommen Sie unverbindlich auf uns zu.<\/strong><br \/>\nWir Informieren Sie gerne und beantworten gerne ihre Fragen.<\/p>\n<p><strong>Wir haben noch freie Pl\u00e4tze und k\u00f6nnen Sie bei uns begr\u00fc\u00dfen.<\/strong><\/p>\n","protected":false},"excerpt":{"rendered":"<p>Die Roten Helfer \u2026 \u2026.ein Ort wo ich mich Wohlf\u00fchle, ein Ort wo ich gemeinsam mit anderen Zeit verbringe. Als Besucher der wunderbar gef\u00fchrten Tagespflege erwartet mich jeden Tag vieles was mir gut tut. Die Angeh\u00f6rigen sch\u00e4tzen die Auszeit, wo liegengebliebenes oder Erledigungen gemacht werden k\u00f6nnen, ohne sich zu sorgen. Sie wissen, dass hier in &hellip; <a href=\"http:\/\/dierotenhelfer.de\/?page_id=87\" class=\"more-link\"><span class=\"screen-reader-text\">Tagespflege &#8211; Home<\/span> weiterlesen<\/a><\/p>\n","protected":false},"author":1,"featured_media":0,"parent":0,"menu_order":0,"comment_status":"closed","ping_status":"closed","template":"","meta":{"footnotes":""},"_links":{"self":[{"href":"http:\/\/dierotenhelfer.de\/index.php?rest_route=\/wp\/v2\/pages\/87"}],"collection":[{"href":"http:\/\/dierotenhelfer.de\/index.php?rest_route=\/wp\/v2\/pages"}],"about":[{"href":"http:\/\/dierotenhelfer.de\/index.php?rest_route=\/wp\/v2\/types\/page"}],"author":[{"embeddable":true,"href":"http:\/\/dierotenhelfer.de\/index.php?rest_route=\/wp\/v2\/users\/1"}],"replies":[{"embeddable":true,"href":"http:\/\/dierotenhelfer.de\/index.php?rest_route=%2Fwp%2Fv2%2Fcomments&post=87"}],"version-history":[{"count":21,"href":"http:\/\/dierotenhelfer.de\/index.php?rest_route=\/wp\/v2\/pages\/87\/revisions"}],"predecessor-version":[{"id":751,"href":"http:\/\/dierotenhelfer.de\/index.php?rest_route=\/wp\/v2\/pages\/87\/revisions\/751"}],"wp:attachment":[{"href":"http:\/\/dierotenhelfer.de\/index.php?rest_route=%2Fwp%2Fv2%2Fmedia&parent=87"}],"curies":[{"name":"wp","href":"https:\/\/api.w.org\/{rel}","templated":true}]}}